[INFO] cloning repository https://github.com/VentGrey/Rust-hanged-man
[INFO] running `Command { std: "git" "-c" "credential.helper=" "-c" "credential.helper=/workspace/cargo-home/bin/git-credential-null" "clone" "--bare" "https://github.com/VentGrey/Rust-hanged-man" "/workspace/cache/git-repos/https%3A%2F%2Fgithub.com%2FVentGrey%2FRust-hanged-man", kill_on_drop: false }`
[INFO] [stderr] Cloning into bare repository '/workspace/cache/git-repos/https%3A%2F%2Fgithub.com%2FVentGrey%2FRust-hanged-man'...
[INFO] running `Command { std: "git" "rev-parse" "HEAD", kill_on_drop: false }`
[INFO] [stdout] d59de6d849b171fbacb2e024745c0f38804bbd6b
[INFO] checking VentGrey/Rust-hanged-man against master#e6e4f7ed1589e03bc2f6c5931c1a72e7947e8682 for beta-170-4
[INFO] running `Command { std: "git" "clone" "/workspace/cache/git-repos/https%3A%2F%2Fgithub.com%2FVentGrey%2FRust-hanged-man" "/workspace/builds/worker-1-tc2/source", kill_on_drop: false }`
[INFO] [stderr] Cloning into '/workspace/builds/worker-1-tc2/source'...
[INFO] [stderr] done.
[INFO] validating manifest of git repo https://github.com/VentGrey/Rust-hanged-man on toolchain e6e4f7ed1589e03bc2f6c5931c1a72e7947e8682
[INFO] running `Command { std: CARGO_HOME="/workspace/cargo-home" RUSTUP_HOME="/workspace/rustup-home" "/workspace/cargo-home/bin/cargo" "+e6e4f7ed1589e03bc2f6c5931c1a72e7947e8682" "metadata" "--manifest-path" "Cargo.toml" "--no-deps", kill_on_drop: false }`
[INFO] started tweaking git repo https://github.com/VentGrey/Rust-hanged-man
[INFO] finished tweaking git repo https://github.com/VentGrey/Rust-hanged-man
[INFO] tweaked toml for git repo https://github.com/VentGrey/Rust-hanged-man written to /workspace/builds/worker-1-tc2/source/Cargo.toml
[INFO] crate git repo https://github.com/VentGrey/Rust-hanged-man already has a lockfile, it will not be regenerated
[INFO] running `Command { std: CARGO_HOME="/workspace/cargo-home" RUSTUP_HOME="/workspace/rustup-home" "/workspace/cargo-home/bin/cargo" "+e6e4f7ed1589e03bc2f6c5931c1a72e7947e8682" "fetch" "--manifest-path" "Cargo.toml", kill_on_drop: false }`
[INFO] running `Command { std: "docker" "create" "-v" "/var/lib/crater-agent-workspace/builds/worker-1-tc2/target:/opt/rustwide/target:rw,Z" "-v" "/var/lib/crater-agent-workspace/builds/worker-1-tc2/source:/opt/rustwide/workdir:ro,Z" "-v" "/var/lib/crater-agent-workspace/cargo-home:/opt/rustwide/cargo-home:ro,Z" "-v" "/var/lib/crater-agent-workspace/rustup-home:/opt/rustwide/rustup-home:ro,Z" "-e" "SOURCE_DIR=/opt/rustwide/workdir" "-e" "CARGO_TARGET_DIR=/opt/rustwide/target" "-e" "CARGO_HOME=/opt/rustwide/cargo-home" "-e" "RUSTUP_HOME=/opt/rustwide/rustup-home" "-w" "/opt/rustwide/workdir" "-m" "1610612736" "--user" "0:0" "--network" "none" "ghcr.io/rust-lang/crates-build-env/linux@sha256:19e73879b68f455e41552ea35293514db52ea292d993f571636dbffedb77a1ee" "/opt/rustwide/cargo-home/bin/cargo" "+e6e4f7ed1589e03bc2f6c5931c1a72e7947e8682" "metadata" "--no-deps" "--format-version=1", kill_on_drop: false }`
[INFO] [stdout] 827e441b361b659ef3752b560aa1d82eea682f3b9012e927f9e3fc5f7ac3bd7e
[INFO] running `Command { std: "docker" "start" "-a" "827e441b361b659ef3752b560aa1d82eea682f3b9012e927f9e3fc5f7ac3bd7e", kill_on_drop: false }`
[INFO] running `Command { std: "docker" "inspect" "827e441b361b659ef3752b560aa1d82eea682f3b9012e927f9e3fc5f7ac3bd7e", kill_on_drop: false }`
[INFO] running `Command { std: "docker" "rm" "-f" "827e441b361b659ef3752b560aa1d82eea682f3b9012e927f9e3fc5f7ac3bd7e", kill_on_drop: false }`
[INFO] [stdout] 827e441b361b659ef3752b560aa1d82eea682f3b9012e927f9e3fc5f7ac3bd7e
[INFO] running `Command { std: "docker" "create" "-v" "/var/lib/crater-agent-workspace/builds/worker-1-tc2/target:/opt/rustwide/target:rw,Z" "-v" "/var/lib/crater-agent-workspace/builds/worker-1-tc2/source:/opt/rustwide/workdir:ro,Z" "-v" "/var/lib/crater-agent-workspace/cargo-home:/opt/rustwide/cargo-home:ro,Z" "-v" "/var/lib/crater-agent-workspace/rustup-home:/opt/rustwide/rustup-home:ro,Z" "-e" "SOURCE_DIR=/opt/rustwide/workdir" "-e" "CARGO_TARGET_DIR=/opt/rustwide/target" "-e" "CARGO_INCREMENTAL=0" "-e" "RUST_BACKTRACE=full" "-e" "RUSTFLAGS=--cap-lints=forbid" "-e" "RUSTDOCFLAGS=--cap-lints=forbid" "-e" "CARGO_HOME=/opt/rustwide/cargo-home" "-e" "RUSTUP_HOME=/opt/rustwide/rustup-home" "-w" "/opt/rustwide/workdir" "-m" "1610612736" "--user" "0:0" "--network" "none" "ghcr.io/rust-lang/crates-build-env/linux@sha256:19e73879b68f455e41552ea35293514db52ea292d993f571636dbffedb77a1ee" "/opt/rustwide/cargo-home/bin/cargo" "+e6e4f7ed1589e03bc2f6c5931c1a72e7947e8682" "check" "--frozen" "--all" "--all-targets" "--message-format=json", kill_on_drop: false }`
[INFO] [stdout] 10f1b4d0d3605c2a4b2eb5db53b415da1b092a7b1fca74997ca96e2eb7dde6dd
[INFO] running `Command { std: "docker" "start" "-a" "10f1b4d0d3605c2a4b2eb5db53b415da1b092a7b1fca74997ca96e2eb7dde6dd", kill_on_drop: false }`
[INFO] [stderr]    Compiling libc v0.2.82
[INFO] [stderr]    Compiling getrandom v0.2.2
[INFO] [stderr]     Checking cfg-if v1.0.0
[INFO] [stderr]     Checking ppv-lite86 v0.2.10
[INFO] [stderr]     Checking rand_core v0.6.1
[INFO] [stderr]     Checking rand_chacha v0.3.0
[INFO] [stderr]     Checking rand v0.8.3
[INFO] [stderr]     Checking Rust-hanged-man v0.1.0 (/opt/rustwide/workdir)
[INFO] [stdout] error[E0277]: the trait bound `{integer}: SampleRange<_>` is not satisfied
[INFO] [stdout]    --> src/main.rs:47:52
[INFO] [stdout]     |
[INFO] [stdout] 47  |     let indice_rand = rand::thread_rng().gen_range(0, palabras.len());
[INFO] [stdout]     |                                          --------- ^ the trait `SampleRange<_>` is not implemented for `{integer}`
[INFO] [stdout]     |                                          |
[INFO] [stdout]     |                                          required by a bound introduced by this call
[INFO] [stdout]     |
[INFO] [stdout]     = help: the following other types implement trait `SampleRange<T>`:
[INFO] [stdout]               RangeInclusive<T>
[INFO] [stdout]               std::ops::Range<T>
[INFO] [stdout] note: required by a bound in `gen_range`
[INFO] [stdout]    --> /opt/rustwide/cargo-home/registry/src/index.crates.io-6f17d22bba15001f/rand-0.8.3/src/rng.rs:130:12
[INFO] [stdout]     |
[INFO] [stdout] 127 |     fn gen_range<T, R>(&mut self, range: R) -> T
[INFO] [stdout]     |        --------- required by a bound in this associated function
[INFO] [stdout] ...
[INFO] [stdout] 130 |         R: SampleRange<T>
[INFO] [stdout]     |            ^^^^^^^^^^^^^^ required by this bound in `Rng::gen_range`
[INFO] [stdout] 
[INFO] [stdout] 
[INFO] [stdout] error[E0277]: the trait bound `{integer}: SampleRange<_>` is not satisfied
[INFO] [stdout]    --> src/main.rs:47:52
[INFO] [stdout]     |
[INFO] [stdout] 47  |     let indice_rand = rand::thread_rng().gen_range(0, palabras.len());
[INFO] [stdout]     |                                          --------- ^ the trait `SampleRange<_>` is not implemented for `{integer}`
[INFO] [stdout]     |                                          |
[INFO] [stdout]     |                                          required by a bound introduced by this call
[INFO] [stdout]     |
[INFO] [stdout]     = help: the following other types implement trait `SampleRange<T>`:
[INFO] [stdout]               RangeInclusive<T>
[INFO] [stdout]               std::ops::Range<T>
[INFO] [stdout] note: required by a bound in `gen_range`
[INFO] [stdout]    --> /opt/rustwide/cargo-home/registry/src/index.crates.io-6f17d22bba15001f/rand-0.8.3/src/rng.rs:130:12
[INFO] [stdout]     |
[INFO] [stdout] 127 |     fn gen_range<T, R>(&mut self, range: R) -> T
[INFO] [stdout]     |        --------- required by a bound in this associated function
[INFO] [stdout] ...
[INFO] [stdout] 130 |         R: SampleRange<T>
[INFO] [stdout]     |            ^^^^^^^^^^^^^^ required by this bound in `Rng::gen_range`
[INFO] [stdout] 
[INFO] [stdout] 
[INFO] [stdout] error[E0061]: this method takes 1 argument but 2 arguments were supplied
[INFO] [stdout]    --> src/main.rs:47:42
[INFO] [stdout]     |
[INFO] [stdout] 47  |     let indice_rand = rand::thread_rng().gen_range(0, palabras.len());
[INFO] [stdout]     |                                          ^^^^^^^^^  ----------------
[INFO] [stdout]     |                                                     | |
[INFO] [stdout]     |                                                     | unexpected argument of type `usize`
[INFO] [stdout]     |                                                     help: remove the extra argument
[INFO] [stdout]     |
[INFO] [stdout] note: method defined here
[INFO] [stdout]    --> /opt/rustwide/cargo-home/registry/src/index.crates.io-6f17d22bba15001f/rand-0.8.3/src/rng.rs:127:8
[INFO] [stdout]     |
[INFO] [stdout] 127 |     fn gen_range<T, R>(&mut self, range: R) -> T
[INFO] [stdout]     |        ^^^^^^^^^
[INFO] [stdout] 
[INFO] [stdout] 
[INFO] [stdout] error[E0061]: this method takes 1 argument but 2 arguments were supplied
[INFO] [stdout]    --> src/main.rs:47:42
[INFO] [stdout]     |
[INFO] [stdout] 47  |     let indice_rand = rand::thread_rng().gen_range(0, palabras.len());
[INFO] [stdout]     |                                          ^^^^^^^^^  ----------------
[INFO] [stdout]     |                                                     | |
[INFO] [stdout]     |                                                     | unexpected argument of type `usize`
[INFO] [stdout]     |                                                     help: remove the extra argument
[INFO] [stdout]     |
[INFO] [stdout] note: method defined here
[INFO] [stdout]    --> /opt/rustwide/cargo-home/registry/src/index.crates.io-6f17d22bba15001f/rand-0.8.3/src/rng.rs:127:8
[INFO] [stdout]     |
[INFO] [stdout] 127 |     fn gen_range<T, R>(&mut self, range: R) -> T
[INFO] [stdout]     |        ^^^^^^^^^
[INFO] [stdout] 
[INFO] [stdout] 
[INFO] [stdout] error: aborting due to 2 previous errors
[INFO] [stdout] 
[INFO] [stdout] 
[INFO] [stdout] Some errors have detailed explanations: E0061, E0277.
[INFO] [stdout] 
[INFO] [stdout] For more information about an error, try `rustc --explain E0061`.
[INFO] [stdout] 
[INFO] [stdout] error: aborting due to 2 previous errors
[INFO] [stdout] 
[INFO] [stdout] 
[INFO] [stdout] Some errors have detailed explanations: E0061, E0277.
[INFO] [stdout] 
[INFO] [stdout] For more information about an error, try `rustc --explain E0061`.
[INFO] [stdout] 
[INFO] [stderr] error: could not compile `Rust-hanged-man` (bin "Rust-hanged-man") due to 3 previous errors
[INFO] [stderr] warning: build failed, waiting for other jobs to finish...
[INFO] [stderr] error: could not compile `Rust-hanged-man` (bin "Rust-hanged-man" test) due to 3 previous errors
[INFO] running `Command { std: "docker" "inspect" "10f1b4d0d3605c2a4b2eb5db53b415da1b092a7b1fca74997ca96e2eb7dde6dd", kill_on_drop: false }`
[INFO] running `Command { std: "docker" "rm" "-f" "10f1b4d0d3605c2a4b2eb5db53b415da1b092a7b1fca74997ca96e2eb7dde6dd", kill_on_drop: false }`
[INFO] [stdout] 10f1b4d0d3605c2a4b2eb5db53b415da1b092a7b1fca74997ca96e2eb7dde6dd
